 factors of 4653097?
1373, 3389
What are the prime factors of 453634?
2, 226817
List the prime factors of 21521.
21521
List the prime factors of 88791.
3, 17, 1741
What are the prime factors of 303474?
2, 3, 37, 1367
What are the prime factors of 788495?
5, 179, 881
List the prime factors of 6784628.
2, 1696157
What are the prime factors of 127490?
2, 5, 11, 19, 61
What are the prime factors of 2838945?
3, 5, 53, 3571
What are the prime factors of 2473020?
2, 3, 5, 11, 1249
What are the prime factors of 801618?
2, 3, 17, 29, 271
List the prime factors of 2083815.
3, 5, 46307
List the prime factors of 80528.
2, 7, 719
What are the prime factors of 3926997?
3, 23, 61, 311
What are the prime factors of 186578?
2, 7, 13327
What are the prime factors of 800755?
5, 19, 8429
What are the prime factors of 67870?
2, 5, 11, 617
List the prime factors of 1948984.
2, 243623
What are the prime factors of 875248?
2, 11, 4973
List the prime factors of 22257186.
2, 3, 7, 529933
What are the prime factors of 12716926?
2, 53, 119971
What are the prime factors of 611270?
2, 5, 11, 5557
What are the prime factors of 389753?
7, 13, 4283
What are the prime factors of 5471038?
2, 2735519
List the prime factors of 13038665.
5, 2607733
What are the prime factors of 852860?
2, 5, 42643
What are the prime factors of 2388157?
2388157
List the prime factors of 647539.
19, 173, 197
What are the prime factors of 66682?
2, 7, 11, 433
List the prime factors of 9411117.
3, 23, 136393
List the prime factors of 243108.
2, 3, 2251
What are the prime factors of 876153?
3, 31, 9421
What are the prime factors of 17697868?
2, 4424467
List the prime factors of 4621238.
2, 61, 37879
What are the prime factors of 188894?
2, 94447
List the prime factors of 3501932.
2, 7, 17, 1051
What are the prime factors of 526400?
2, 5, 7, 47
List the prime factors of 6950004.
2, 3, 43, 13469
What are the prime factors of 3297241?
19, 173539
What are the prime factors of 324025?
5, 13, 997
What are the prime factors of 11225811?
3, 461, 8117
List the prime factors of 1693209.
3, 7, 80629
List the prime factors of 21045877.
43, 489439
What are the prime factors of 3731686?
2, 7, 266549
List the prime factors of 469171.
73, 6427
What are the prime factors of 626184?
2, 3, 13, 223
List the prime factors of 32971266.
2, 3, 610579
List the prime factors of 13150429.
37, 355417
What are the prime factors of 9783808?
2, 97, 197
List the prime factors of 5550209.
7, 31, 25577
List the prime factors of 1271406.
2, 3, 313, 677
List the prime factors of 6848657.
6848657
What are the prime factors of 5471063?
13, 420851
List the prime factors of 646327.
11, 58757
What are the prime factors of 2292828?
2, 3, 157, 1217
List the prime factors of 69900.
2, 3, 5, 233
List the prime factors of 463604.
2, 115901
List the prime factors of 4608242.
2, 89, 25889
What are the prime factors of 1618129?
1618129
List the prime factors of 4047845.
5, 809569
What are the prime factors of 99534?
2, 3, 53, 313
What are the prime factors of 21158039?
7, 19, 257, 619
What are the prime factors of 14224772?
2, 179, 19867
What are the prime factors of 13744332?
2, 3, 7, 54541
What are the prime factors of 399479?
83, 4813
What are the prime factors of 2800817?
1213, 2309
What are the prime factors of 2781303?
3, 7, 29, 4567
What are the prime factors of 18167296?
2, 7, 37, 137
What are the prime factors of 17544875?
5, 97, 1447
List the prime factors of 788250.
2, 3, 5, 1051
What are the prime factors of 1354105?
5, 270821
What are the prime factors of 12016845?
3, 5, 97, 2753
List the prime factors of 24388.
2, 7, 13, 67
List the prime factors of 19342495.
5, 233, 16603
What are the prime factors of 859847?
31, 27737
What are the prime factors of 20758000?
2, 5, 97, 107
What are the prime factors of 1236744?
2, 3, 89, 193
What are the prime factors of 173058?
2, 3, 28843
List the prime factors of 1852852.
2, 463213
What are the prime factors of 22477619?
211, 307, 347
List the prime factors of 554962.
2, 31, 8951
What are the prime factors of 18178849?
13, 199, 7027
List the prime factors of 364352.
2, 5693
List the prime factors of 336802.
2, 47, 3583
What are the prime factors of 3211343?
73, 43991
What are the prime factors of 1036787?
1036787
What are the prime factors of 897869?
7, 29, 4423
List the prime factors of 2091763.
2091763
List the prime factors of 11006538.
2, 3, 37, 43, 1153
What are the prime factors of 350964?
2, 3, 9749
What are the prime factors of 6493898?
2, 17, 190997
What are the prime factors of 671181?
3, 7, 31, 1031
What are the prime factors of 87375?
3, 5, 233
List the prime factors of 19084769.
11, 197, 8807
What are the prime factors of 335653?
335653
What are the prime factors of 165696?
2, 3, 863
What are the prime factors of 535729?
211, 2539
What are the prime factors of 18361794?
2, 3, 11, 278209
What are the prime factors of 2214247?
7, 316321
List the prime factors of 1500614.
2, 43, 17449
List the prime factors of 679104.
2, 3, 131
What are the prime factors of 4771696?
2, 17, 53, 331
What are the prime factors of 338497?
338497
List the prime factors of 167011.
13, 29, 443
What are the prime factors of 126767?
109, 1163
What are the prime factors of 242279?
242279
What are the prime factors of 520051?
7, 74293
What are the prime factors of 6119902?
2, 3059951
List the prime factors of 37776964.
2, 307, 30763
What are the prime factors of 1843931?
19, 107, 907
What are the prime factors of 2886887?
1259, 2293
What are the prime factors of 200084?
2, 50021
List the prime factors of 11504105.
5, 107, 21503
List the prime factors of 38005719.
3, 19, 1847
What are the prime factors of 9847?
43, 229
List the prime factors of 140184.
2, 3, 11, 59
List the prime factors of 3114539.
31, 100469
List the prime factors of 4173215.
5, 834643
List the prime factors of 689661.
3, 7, 41, 89
List the prime factors of 4492749.
3, 97, 15439
What are the prime factors of 1683029?
1683029
What are the prime factors of 711907?
7, 101701
What are the prime factors of 1774461?
3, 13, 173, 263
What are the prime factors of 4432720?
2, 5, 67, 827
List the prime factors of 484637.
83, 5839
List the prime factors of 2673631.
2673631
What are the prime factors of 1745043?
3, 59, 9859
What are the prime factors of 92894?
2, 46447
List the prime factors of 93999.
3, 31333
What are the prime factors of 11410?
2, 5, 7, 163
What are the prime factors of 80061?
3, 26687
List the prime factors of 1568105.
5, 7, 11, 4073
What are the prime factors of 19661898?
2, 3, 3276983
What are the prime factors of 2504833?
53, 167, 283
List the prime factors of 6686743.
7, 421, 2269
What are the prime factors of 386620?
2, 5, 13, 1487
What are the prime factors of 196556?
2, 49139
List the prime factors of 9223505.
5, 61, 30241
List the prime factors of 651144.
2, 3, 13, 2087
What are the prime factors of 643340?
2, 5, 19, 1693
What are the prime factors of 5737777?
2267, 2531
What are the prime factors of 1130185?
5, 7, 659
What are the prime factors of 27508?
2, 13, 23
List the prime factors of 461566.
2, 7, 32969
What are the prime factors of 849431?
11, 31, 47, 53
What are the prime factors of 317421?
3, 13, 2713
List the prime factors of 21659287.
13, 313, 5323
List the prime factors of 2850204.
2, 3, 7, 33931
List the prime factors of 44438.
2, 17, 1307
List the prime factors of 423455.
5, 84691
What are the prime factors of 3166651?
3166651
What are the prime factors of 258846?
2, 3, 7, 6163
List the prime factors of 16191100.
2, 5, 161911
List the prime factors of 10531972.
2, 11, 59, 4057
List the prime factors of 281702.
2, 83, 1697
What are the prime factors of 12000917?
23, 71, 7349
What are the prime factors of 12655478?
2, 11, 575249
List the prime factors of 9268584.
2, 3, 13, 61, 487
List the prime factors of 18797555.
5, 7, 19, 23, 1229
List the prime factors of 2809309.
2809309
What are the prime factors of 989554?
2, 79, 6263
What are the prime factors of 4506041?
1549, 2909
What are the prime factors of 1591033?
1591033
What are the prime factors of 6742?
2, 3371
List the prime factors of 11073838.
2, 157, 35267
List the prime factors of 12352820.
2, 5, 37, 16693
What are the prime factors of 10208623?
1459, 6997
Li